v) = -2*v**3 - 479*v**2 + 52*v - 45117. Give t(-240).
3
Let f(g) = 29*g**2 - 1192*g - 7183. What is f(-6)?
1013
Let k(q) = -2072*q + 14876. Give k(7).
372
Let s(j) = 4491*j + 1994012. Calculate s(-444).
8
Let c(o) = 14460*o - 57781. Give c(4).
59
Let n(s) = -1084*s - 3302. Calculate n(-3).
-50
Let t(c) = c**3 - 34*c**2 - 1636*c - 10438. Calculate t(-8).
-38
Let t(s) = -19*s**2 - 2726*s + 328. Calculate t(-144).
-1112
Let m(j) = 2*j**3 - 21*j**2 + 303*j - 4682. Calculate m(13).
102
Let u(f) = 2*f**2 + 4229*f - 531574. Determine u(119).
-1
Let l(m) = 4951*m - 118806. Give l(24).
18
Let u(y) = 2784*y**2 - 19458*y - 199. Determine u(7).
11
Let t(y) = 2*y**3 + 40*y**2 + 25932*y + 518640. What is t(-20)?
0
Let d(m) = -m**2 + 36604*m + 4149021. Determine d(-113).
0
Let l(m) = m**2 - 41224*m + 1482768. Determine l(36).
0
Let h(t) = -1946*t + 449514. Give h(231).
-12
Let z(v) = 10*v**3 - 230*v**2 - 153*v + 3520. What is z(23)?
1
Let z(l) = l**3 - 281*l**2 + 18984*l + 27. Give z(168).
27
Let t(r) = r**2 - 931*r - 84161. Determine t(-83).
1
Let v(y) = -277*y + 5878. What is v(18)?
892
Let o(p) = -35*p + 676. Give o(-27).
1621
Let f(b) = 161*b**3 + 3*b**2 - 67*b + 64. Give f(1).
161
Let s(f) = 853*f**2 + 197895*f - 183. What is s(-232)?
49
Let i(x) = 92*x**2 - 1835*x - 98. Give i(20).
2
Let s(w) = w**3 + 26*w**2 - 3562*w - 738. Give s(-74).
2
Let k(y) = -y**3 - 4*y**2 + 30*y - 13. What is k(-10)?
287
Let z(d) = d**3 + 367*d**2 - 4935*d + 1914. Calculate z(-380).
14
Let x(i) = 13*i**2 + 14*i - 3973. What is x(17)?
22
Let o(i) = i**3 - 47*i**2 - 9049*i + 432036. What is o(48)?
-12
Let l(x) = x**3 + 51*x**2 - 574*x + 10. Calculate l(10).
370
Let w(l) = -18012*l - 4737160. What is w(-263)?
-4
Let x(f) = -3506*f - 2065053. Calculate x(-589).
-19
Let n(l) = -440*l**2 + 1378*l - 175. What is n(3)?
-1
Let g(v) = v**2 - 458*v + 41812. Give g(126).
-20
Let a(i) = 2*i**3 - 93*i**2 - 66*i + 5160. What is a(46)?
8
Let p(j) = -3*j**3 + 1443*j**2 - 14153*j + 10824. Give p(471).
-9
Let c(i) = -843*i - 3205. Determine c(-5).
1010
Let y(v) = -306419*v - 2144934. Calculate y(-7).
-1
Let a(s) = 16*s**3 - 2*s**2 - 468*s + 471. What is a(1)?
17
Let z(n) = -414984*n - 2904875. What is z(-7)?
13
Let j(y) = -y**2 - 965*y + 10774. Calculate j(11).
38
Let y(n) = 11*n**3 + 80*n**2 - 328*n + 89. Give y(4).
761
Let r(v) = 2571*v - 15562. What is r(6)?
-136
Let f(s) = 79556*s + 239205. Give f(-3).
537
Let d(m) = -m**3 - 77*m**2 + 273*m - 61160. Give d(-88).
0
Let w(i) = 12065*i - 2147569. Determine w(178).
1
Let z(m) = m**3 - 43*m**2 - 485*m + 537. Give z(52).
-347
Let z(g) = -g**3 + 11*g**2 + 578*g - 8147. Give z(19).
-53
Let t(l) = 47*l**3 - 4*l**2 - 29*l + 58. Calculate t(2).
360
Let u(a) = -13*a**2 + 142*a - 365. Determine u(3).
-56
Let x(j) = -j**3 + 11*j**2 + 134*j - 454. Calculate x(18).
-310
Let w(a) = -13786*a + 303293. What is w(22)?
1
Let x(t) = -3961*t - 91074. Determine x(-23).
29
Let u(m) = 41409*m - 165401. Calculate u(4).
235
Let y(n) = 2*n**2 + 5380*n - 53760. What is y(10)?
240
Let s(c) = -2*c**3 - 112*c**2 + 4928*c - 173. Determine s(-85).
-3
Let i(r) = -17262*r + 29. Calculate i(0).
29
Let z(r) = 451727*r + 9486286. Give z(-21).
19
Let o(t) = -4486*t + 220131. Give o(49).
317
Let f(h) = -81050*h + 567214. Give f(7).
-136
Let k(r) = -r**2 + 71*r + 3424. Give k(104).
-8
Let r(i) = -i**3 - 129*i**2 + 1414*i - 278. What is r(-139)?
-3614
Let p(m) = -744009*m + 744001. Calculate p(1).
-8
Let s(k) = -k**2 - 39849*k - 2109167. What is s(-53)?
21
Let o(a) = -2950*a - 2628477. Calculate o(-891).
-27
Let c(l) = -2*l**3 - 322*l**2 - 300*l + 1537. What is c(-160)?
-1663
Let m(u) = -1419*u + 15681. Determine m(11).
72
Let z(f) = -7187*f - 28932. Determine z(-4).
-184
Let g(o) = o**3 + 328*o**2 - 3640*o + 30094. Calculate g(-339).
-77
Let h(p) = -55*p**2 + 1085*p + 770. What is h(20)?
470
Let b(i) = 2*i**2 + 966*i - 47518. What is b(-528)?
2
Let a(d) = -266*d - 59343. Determine a(-231).
2103
Let l(d) = 17*d**2 - 1902*d - 20727. Calculate l(-10).
-7
Let p(r) = -r**2 - 209928*r + 2519261. What is p(12)?
-19
Let s(u) = -276*u - 825. Determine s(10).
-3585
Let r(j) = -14652*j + 410347. Determine r(28).
91
Let l(g) = 2113*g - 232461. Calculate l(110).
-31
Let i(f) = 4*f**2 + 32825*f + 229582. Determine i(-7).
3
Let u(g) = -4*g**3 - 113*g**2 - 254*g - 356. Determine u(-26).
164
Let u(o) = 17*o**2 + 2889*o + 11116. Give u(-166).
-6
Let u(q) = 35*q**3 + 264*q**2 + 13*q + 80. Give u(-7).
920
Let h(d) = -1397*d**2 - 169026*d + 1334. Determine h(-121).
3
Let b(q) = -18*q**2 - 1005*q + 13537. Calculate b(-67).
70
Let j(n) = -1053799*n + 5268978. What is j(5)?
-17
Let f(i) = i**3 - 62*i**2 - 105*i + 1035. Give f(63).
-1611
Let l(a) = 2*a**2 - 84*a - 154. Calculate l(0).
-154
Let a(d) = -4066*d + 182979. Give a(45).
9
Let z(u) = u**3 + 503*u**2 + 1520*u + 10050. Give z(-500).
50
Let v(j) = 2*j**3 + 67*j**2 + 89*j - 300. Calculate v(-32).
-76
Let f(l) = 14*l**3 + 34*l**2 - 38*l - 36. What is f(-3)?
6
Let w(v) = 573*v - 4192. Give w(9).
965
Let l(d) = 484*d - 21269. Give l(43).
-457
Let l(r) = 123*r**2 + 8251*r + 519. Determine l(-67).
-151
Let j(w) = -3*w**3 - 96*w**2 - 596*w - 1777. What is j(-25)?
-2
Let c(y) = -32*y**2 + 4035*y + 275. What is c(126)?
653
Let o(v) = -1324*v - 14691. Determine o(-11).
-127
Let o(g) = -19*g**2 + 733*g - 7739. Give o(10).
-2309
Let f(p) = 364*p + 17845. Give f(-49).
9
Let q(k) = 146279*k + 48710913. Determine q(-333).
6
Let v(p) = 2*p**2 - 371*p - 9179. What is v(-22)?
-49
Let s(w) = 3*w**3 - 245*w**2 - 102*w + 88. Determine s(82).
-1552
Let s(w) = -3*w**2 - 467*w - 12061. Determine s(-122).
261
Let q(k) = k**3 - 2371*k**2 + 140910*k + 42. Determine q(61).
42
Let s(a) = 10*a**2 + 3611*a + 71431. Calculate s(-21).
10
Let v(k) = 3*k**2 + 309*k + 5058. Give v(-20).
78
Let y(l) = 401*l + 3388. Calculate y(-8).
180
Let n(b) = b**3 - 154*b**2 + 2211*b - 510. What is n(138)?
-96
Let k(o) = 765*o - 326677. Determine k(427).
-22
Let v(h) = h**3 - 106*h**2 - 2972*h + 65. Calculate v(-23).
180
Let a(c) = -2*c**2 - 1086*c - 48413. Give a(-494).
-1
Let b(n) = -2*n**2 - 278*n + 1307367. Give b(-881).
-37
Let q(b) = 14890*b + 14905. Give q(-1).
15
Let t(f) = -1509*f + 125131. Determine t(83).
-116
Let r(h) = -55*h**2 + 3205*h - 37198. Give r(16).
2
Let f(h) = 2100*h - 15444. Give f(7).
-744
Let f(r) = 2*r**3 + 4*r**2 - 167*r - 889. Give f(-5).
-204
Let c(l) = 2296*l - 107906. Determine c(47).
6
Let o(t) = 321*t**2 - 1298*t + 4. Give o(4).
-52
Let a(u) = -15*u**3 + 26*u**2 - 7*u + 48. Give a(4).
-524
Let g(s) = 63*s**2 - 11*s - 66. Give g(4).
898
Let z(q) = -3*q**2 + 176*q - 618. What is z(54)?
138
Let l(c) = 55*c**3 - 375*c**2 + c - 4. What is l(7)?
493
Let k(y) = -3*y**2 + 22720*y + 181959. What is k(-8)?
7
Let w(k) = k**2 + 170*k + 2487. Give w(-63).
-4254
Let n(j) = 60*j**2 - 16*j - 2612. Calculate n(0).
-2612
Let o(y) = -10963*y - 581051. Give o(-53).
-12
Let n(k) = -k**3 + 60*k**2 - 819*k + 1631. Determine n(41).
-9
Let i(s) = s**3 + 19*s**2 + 466*s + 6421. What is i(-16)?
-267
Let i(f) = f**3 - 794*f**2 + 10149*f + 3116. What is i(781)?
-8
Let d(h) = 156035*h + 66626949. Calculate d(-427).
4
Let u(o) = -516*o - 43341. Determine u(-84).
3
Let a(u) = -u**2 + 146*u + 14361. Calculate a(-67).
90
Let f(t) = 61965*t - 619605. Calculate f(10).
45
Let s(w) = 952*w**2 - 6639*w - 170. Calculate s(7).
5
Let h(y) = -9*y**3 + 681*y**2 - 466*y + 1200. Determine h(75).
0
Let m(h) = -29457*h + 765361. Determine m(26).
-521
Let v(d) = d**3 - 26*d**2 + 115*d - 1727. What is v(21)?
-1517
Let m(a) = -4383*a + 110421. What is m(25)?
846
Let m(y) = 2*y**2 - 106*y + 1250. Give m(17).
26
Let h(n) = n**3 - 58*n**2 - 2349*n + 109719. Give h(69).
9
Let t(r) = -607*r**2 - 4413*r - 1160. Give t(-7).
-12
Let c(d) = -16*d**2 - 636*d + 200. Determine c(-42).
-1312
Let j(p) = -13*p**3 - 817*p**2 - 42*p - 10588. Calculate j(-63).
-4
Let z(p) = p**3 + 98*p**2 + 2340*p + 2289. Determine z(-38).
9
Let u(h) = 1954*h + 11731. Calculate u(-6).
7
Let s(f) = f**3 + 70*f**2 + 1072*f + 238. What is s(-47)?
661
Let j(a) = -2*a**3 + 3096*a**2 + 12402*a + 9. Give j(-4).
65
Let s(o) = -2*o**3 + 17*o**2 - 10386*o + 93501. What is s(9)?
-54
Let z(v) = 5627*v - 1502343. Calculate z(267).
66
Let i(x) = -x**3 + 30*x**